he remainder when 10378 is divided by 421.
274
What is the remainder when 64474 is divided by 427?
424
Calculate the remainder when 162983 is divided by 162954.
29
Calculate the remainder when 23794 is divided by 743.
18
Calculate the remainder when 8596 is divided by 125.
96
Calculate the remainder when 34514 is divided by 437.
428
Calculate the remainder when 5461 is divided by 189.
169
What is the remainder when 14633 is divided by 4877?
2
Calculate the remainder when 1260 is divided by 97.
96
Calculate the remainder when 750 is divided by 45.
30
Calculate the remainder when 324193 is divided by 481.
480
Calculate the remainder when 111473 is divided by 26.
11
Calculate the remainder when 333732 is divided by 294.
42
What is the remainder when 117646 is divided by 71?
70
Calculate the remainder when 7618 is divided by 14.
2
What is the remainder when 11204 is divided by 699?
20
What is the remainder when 16350 is divided by 56?
54
Calculate the remainder when 280924 is divided by 33.
28
What is the remainder when 859081 is divided by 40908?
13
What is the remainder when 40325 is divided by 233?
16
What is the remainder when 82516 is divided by 64?
20
Calculate the remainder when 8505 is divided by 139.
26
What is the remainder when 28693 is divided by 9449?
346
Calculate the remainder when 28319 is divided by 127.
125
Calculate the remainder when 26922 is divided by 785.
232
What is the remainder when 96973 is divided by 152?
149
What is the remainder when 26764 is divided by 297?
34
Calculate the remainder when 67314 is divided by 1007.
852
What is the remainder when 36079 is divided by 10?
9
What is the remainder when 22427 is divided by 18?
17
Calculate the remainder when 57586 is divided by 19.
16
What is the remainder when 45840 is divided by 314?
310
What is the remainder when 9387 is divided by 1173?
3
What is the remainder when 1992 is divided by 53?
31
Calculate the remainder when 1855 is divided by 193.
118
What is the remainder when 29319 is divided by 140?
59
Calculate the remainder when 19413 is divided by 329.
2
Calculate the remainder when 8634 is divided by 2155.
14
Calculate the remainder when 12701 is divided by 636.
617
What is the remainder when 991 is divided by 189?
46
Calculate the remainder when 12031 is divided by 122.
75
What is the remainder when 12002 is divided by 169?
3
What is the remainder when 12289 is divided by 12212?
77
Calculate the remainder when 3194 is divided by 473.
356
What is the remainder when 4496 is divided by 747?
14
Calculate the remainder when 24869 is divided by 52.
13
What is the remainder when 344702 is divided by 27?
20
What is the remainder when 35941 is divided by 3242?
279
Calculate the remainder when 244850 is divided by 51.
50
Calculate the remainder when 21734 is divided by 135.
134
Calculate the remainder when 60072 is divided by 57.
51
Calculate the remainder when 110233 is divided by 81.
73
Calculate the remainder when 6005 is divided by 1809.
578
Calculate the remainder when 167859 is divided by 811.
793
What is the remainder when 4866 is divided by 10?
6
What is the remainder when 944 is divided by 54?
26
Calculate the remainder when 30772 is divided by 2564.
4
What is the remainder when 7467 is divided by 1070?
1047
Calculate the remainder when 60609 is divided by 110.
109
What is the remainder when 5102 is divided by 281?
44
What is the remainder when 367190 is divided by 30598?
14
What is the remainder when 6296 is divided by 264?
224
What is the remainder when 23698 is divided by 1130?
1098
What is the remainder when 15680 is divided by 1202?
54
Calculate the remainder when 141608 is divided by 833.
831
Calculate the remainder when 1660 is divided by 190.
140
Calculate the remainder when 3741 is divided by 4.
1
Calculate the remainder when 1341 is divided by 89.
6
What is the remainder when 30361 is divided by 58?
27
Calculate the remainder when 207640 is divided by 7.
6
Calculate the remainder when 140792 is divided by 275.
267
Calculate the remainder when 10146 is divided by 4694.
758
What is the remainder when 4205 is divided by 3841?
364
Calculate the remainder when 49379 is divided by 12.
11
What is the remainder when 702923 is divided by 537?
527
Calculate the remainder when 63641 is divided by 28.
25
Calculate the remainder when 1740 is divided by 1687.
53
Calculate the remainder when 47519 is divided by 96.
95
Calculate the remainder when 27838 is divided by 41.
40
What is the remainder when 3371 is divided by 31?
23
What is the remainder when 1499 is divided by 94?
89
What is the remainder when 660473 is divided by 411?
407
What is the remainder when 79623 is divided by 138?
135
Calculate the remainder when 318485 is divided by 82.
79
What is the remainder when 17986 is divided by 3583?
71
What is the remainder when 3517 is divided by 573?
79
What is the remainder when 16183 is divided by 228?
223
Calculate the remainder when 8074 is divided by 25.
24
Calculate the remainder when 65953 is divided by 767.
758
What is the remainder when 21990 is divided by 10977?
36
What is the remainder when 1487 is divided by 7?
3
Calculate the remainder when 33756 is divided by 33.
30
Calculate the remainder when 30432 is divided by 20.
12
What is the remainder when 651 is divided by 43?
6
What is the remainder when 216877 is divided by 16?
13
What is the remainder when 13245 is divided by 92?
89
Calculate the remainder when 19297 is divided by 689.
5
Calculate the remainder when 5412 is divided by 94.
54
Calculate the remainder when 24632 is divided by 357.
356
Calculate the remainder when 951 is divided by 20.
11
Calculate the remainder when 1688053 is divided by 19.
17
Calculate the remainder when 6478 is divided by 151.
136
What is the remainder when 25054 is divided by 174?
172
What is the remainder when 1400 is divided by 346?
16
What is the remainder when 12138 is divided by 5923?
292
Calculate the remainder when 80749 is divided by 40332.
85
What is the remainder when 749 is divided by 369?
11
What is the remainder when 1403 is divided by 378?
269
Calculate the remainder when 392 is divided by 29.
15
Calculate the remainder when 41151 is divided by 13562.
465
What is the remainder when 4397 is divided by 2115?
167
Calculate the remainder when 1404529 is divided by 234086.
13
Calculate the remainder when 13300 is divided by 242.
232
What is the remainder when 89670 is divided by 4483?
10
What is the remainder when 503759 is divided by 45795?
14
What is the remainder when 8427 is divided by 67?
52
Calculate the remainder when 2355 is divided by 250.
105
What is the remainder when 13721 is divided by 146?
143
What is the remainder when 5687 is divided by 18?
17
Calculate the remainder when 263966 is divided by 52769.
121
What is the remainder when 392113 is divided by 7?
1
Calculate the remainder when 9241 is divided by 4611.
19
What is the remainder when 20479 is divided by 5117?
11
Calculate the remainder when 43853 is divided by 5481.
5
What is the remainder when 19127 is divided by 500?
127
What is the remainder when 180881 is divided by 60292?
5
Calculate the remainder when 5389 is divided by 271.
240
Calculate the remainder when 144614 is divided by 39.
2
Calculate the remainder when 140223 is divided by 46708.
99
What is the remainder when 93254 is divided by 46625?
4
Calculate the remainder when 46043 is divided by 282.
77
Calculate the remainder when 23124 is divided by 45.
39
What is the remainder when 25393 is divided by 30?
13
What is the remainder when 1800 is divided by 289?
66
What is the remainder when 2617 is divided by 477?
232
What is the remainder when 3378 is divided by 40?
18
Calculate the remainder when 686 is divided by 152.
78
What is the remainder when 119787 is divided by 89?
82
What is the remainder when 12025 is divided by 275?
200
Calculate the remainder when 72940 is divided by 1778.
42
Calculate the remainder when 82902 is divided by 27619.
45
Calculate the remainder when 34154 is divided by 260.
94
What is the remainder when 14097 is divided by 455?
447
What is the remainder when 131707 is divided by 5?
2
What is the remainder when 4886 is divided by 485?
36
Calculate the remainder when 68844 is divided by 96.
12
Calculate the remainder 